of 2331?
True
Does 51 divide 6120?
True
Is 1470 a multiple of 7?
True
Is 1360 a multiple of 20?
True
Does 11 divide 11374?
True
Is 842 a multiple of 9?
False
Does 10 divide 2210?
True
Is 33 a factor of 3465?
True
Is 63 a multiple of 22?
False
Is 8 a factor of 65864?
True
Is 4975 a multiple of 25?
True
Is 5 a factor of 175?
True
Is 15345 a multiple of 9?
True
Is 51923 a multiple of 10?
False
Is 222 a factor of 32768?
False
Does 10 divide 280?
True
Is 28893 a multiple of 103?
False
Is 12 a factor of 3854?
False
Is 2332 a multiple of 11?
True
Is 2 a factor of 66?
True
Is 581 a multiple of 2?
False
Is 16473 a multiple of 3?
True
Is 13 a factor of 169?
True
Is 601 a multiple of 81?
False
Does 12 divide 36093?
False
Is 6016 a multiple of 64?
True
Is 1750 a multiple of 13?
False
Is 805 a multiple of 35?
True
Is 40 a factor of 2320?
True
Is 31 a factor of 2237?
False
Is 434 a multiple of 13?
False
Is 28 a factor of 3371?
False
Is 16 a factor of 22928?
True
Is 2294 a multiple of 82?
False
Is 4 a factor of 433?
False
Is 15547 a multiple of 15?
False
Is 27 a factor of 891?
True
Is 652 a multiple of 37?
False
Does 254 divide 25654?
True
Does 22 divide 125972?
True
Is 21135 a multiple of 108?
False
Is 15 a factor of 301?
False
Is 1553 a multiple of 6?
False
Is 483 a multiple of 20?
False
Is 11 a factor of 3884?
False
Is 15158 a multiple of 5?
False
Is 3 a factor of 2424?
True
Does 30 divide 870?
True
Does 73 divide 3723?
True
Is 98 a factor of 75693?
False
Does 21 divide 693?
True
Is 6 a factor of 423?
False
Is 2 a factor of 118?
True
Does 39 divide 1083?
False
Does 57 divide 661?
False
Is 83055 a multiple of 14?
False
Is 174 a factor of 9918?
True
Does 13 divide 507?
True
Does 8 divide 48?
True
Is 6432 a multiple of 24?
True
Is 9 a factor of 644?
False
Does 18 divide 574?
False
Does 9 divide 2322?
True
Is 4096 a multiple of 128?
True
Is 24 a factor of 1789?
False
Is 10 a factor of 1310?
True
Is 650 a multiple of 50?
True
Is 9 a factor of 944?
False
Is 75 a multiple of 6?
False
Is 9 a factor of 188?
False
Is 58 a multiple of 4?
False
Does 10 divide 1960?
True
Is 48 a factor of 2787?
False
Is 7 a factor of 4351?
False
Does 7 divide 15659?
True
Is 24384 a multiple of 25?
False
Does 37 divide 851?
True
Is 306 a multiple of 9?
True
Is 1401 a multiple of 3?
True
Does 12 divide 1649?
False
Is 9 a factor of 1048?
False
Is 130641 a multiple of 217?
False
Is 374 a multiple of 22?
True
Is 10 a factor of 5455?
False
Is 8 a factor of 25554?
False
Does 51 divide 6199?
False
Does 14 divide 1722?
True
Is 33 a factor of 4290?
True
Is 14 a factor of 834?
False
Is 117 a factor of 135884?
False
Is 72 a multiple of 4?
True
Is 468 a multiple of 26?
True
Does 34 divide 575?
False
Is 4622 a multiple of 39?
False
Is 10 a factor of 392?
False
Does 5 divide 313?
False
Does 5 divide 451?
False
Is 31 a factor of 851?
False
Is 4077 a multiple of 27?
True
Is 7 a factor of 1099?
True
Does 18 divide 11705?
False
Is 42354 a multiple of 234?
True
Does 6 divide 525?
False
Is 399 a factor of 79002?
True
Is 2625 a multiple of 10?
False
Is 912 a multiple of 12?
True
Is 47 a factor of 1081?
True
Is 80 a factor of 8357?
False
Is 3 a factor of 674?
False
Is 2601 a multiple of 38?
False
Is 7 a factor of 179?
False
Is 5642 a multiple of 13?
True
Is 10919 a multiple of 25?
False
Is 12 a factor of 3612?
True
Is 412 a multiple of 5?
False
Is 28 a factor of 107884?
True
Is 138 a factor of 845?
False
Is 32 a multiple of 4?
True
Does 5 divide 35343?
False
Is 8 a factor of 408?
True
Does 10 divide 20240?
True
Is 2555 a multiple of 22?
False
Is 11737 a multiple of 29?
False
Is 129 a factor of 41925?
True
Is 2 a factor of 15206?
True
Is 4317 a multiple of 8?
False
Is 327 a multiple of 3?
True
Is 8015 a multiple of 6?
False
Is 36 a multiple of 2?
True
Is 30 a multiple of 3?
True
Is 4 a factor of 497?
False
Is 22 a factor of 194?
False
Does 85 divide 666?
False
Is 20 a factor of 3640?
True
Does 17 divide 2217?
False
Is 208 a multiple of 13?
True
Does 26 divide 230?
False
Is 11 a factor of 99836?
True
Is 57 a factor of 505?
False
Is 2535 a multiple of 14?
False
Is 61 a factor of 69784?
True
Is 1720 a multiple of 5?
True
Is 103 a factor of 34505?
True
Does 11 divide 36969?
False
Does 12 divide 404?
False
Is 12 a factor of 47220?
True
Does 14 divide 15512?
True
Is 112 a multiple of 56?
True
Is 5 a factor of 45?
True
Is 293 a multiple of 12?
False
Is 21 a factor of 4983?
False
Does 19 divide 266?
True
Is 22 a factor of 40788?
True
Is 1075 a multiple of 20?
False
Is 7904 a multiple of 16?
True
Does 19 divide 91561?
True
Is 23 a factor of 156?
False
Is 224 a multiple of 28?
True
Does 4 divide 100?
True
Is 86 a factor of 834?
False
Is 7 a factor of 567?
True
Is 3591 a multiple of 9?
True
Is 12 a factor of 232?
False
Is 6526 a multiple of 27?
False
Is 4 a factor of 727?
False
Is 16 a factor of 2612?
False
Does 25 divide 4680?
False
Does 54 divide 9431?
False
Is 17633 a multiple of 11?
True
Is 83 a factor of 2988?
True
Does 23 divide 2001?
True
Does 12 divide 9287?
False
Is 4 a factor of 6319?
False
Is 23 a factor of 9146?
False
Does 10 divide 4697?
False
Does 22 divide 308?
True
Does 121 divide 16638?
False
Does 94 divide 11374?
True
Does 10 divide 60?
True
Is 10105 a multiple of 19?
False
Does 12 divide 1560?
True
Is 68 a factor of 29512?
True
Does 5 divide 18?
False
Does 124 divide 910?
False
Is 3 a multiple of 3?
True
Does 28 divide 2520?
True
Does 14 divide 5124?
True
Is 5356 a multiple of 13?
True
Is 10954 a multiple of 261?
False
Is 1162 a multiple of 22?
False
Is 858 a multiple of 17?
False
Does 9 divide 450?
True
Is 500 a multiple of 125?
True
Does 13 divide 728?
True
Is 3218 a multiple of 11?
False
Does 7 divide 1468?
False
Is 14 a factor of 590?
False
Is 166 a multiple of 22?
False
Is 28 a factor of 10220?
True
Is 49 a factor of 41895?
True
Does 40 divide 1406?
False
Does 23 divide 452?
False
Is 14 a factor of 767?
False
Is 948 a multiple of 16?
False
Is 168 a multiple of 31?
False
Does 19 divide 2964?
True
Is 455 a multiple of 10?
False
Is 48 a factor of 60624?
True
Is 55 a factor of 32997?
False
Does 5 divide 545?
True
Is 296 a multiple of 10?
False
Is 9690 a multiple of 5?
True
Is 222 a multiple of 6?
True
Is 6 a factor of 915?
False
Does 4 divide 1831?
False
Is 2982 a multiple of 42?
True
Is 531 a multiple of 7?
False
Does 42 divide 8416?
False
Is 15 a factor of 18375?
True
Does 225 divide 9675?
True
Is 38 a factor of 3367?
False
Is 19552 a multiple of 16?
True
Is 5 a factor of 2457?
False
Is 211 a factor of 11029?
False
Is 520 a factor of 107640?
True
Does 135 divide 7317?
False
Does 27 divide 305?
False
Does 12 divide 1164?
True
Does 4 divide 288?
True
Is 1554 a multiple of 74?
True
Is 31 a factor of 571?
False
Is 135 a factor of 7695?
True
Is 108 a multiple of 4?
True
Does 12 divide 363?
False
Is 16 a factor of 433?
False
Is 20 a factor of 640?
True
Does 9 divide 172?
False
Does 4 divide 84?
True
Is 23902 a multiple of 38?
True
Does 124 divide 1564?
False
Is 3851 a multiple of 90?
False
Does 18 divide 33753?
False
Is 5393 a multiple of 15?
False
Is 14 a factor of 5780?
False
Does 10 divide 641?
False
Is 41 a factor of 7287?
False
Is 443 a multiple of 19?
False
Is 4 a factor of 6258?
False
Does 101 divide 1166?
False
Is 10 a factor of 151?
False
Is 25 a factor of 1925?
True
Is 5885 a multiple of 13?
False
Is 14 a factor of 13886?
False
Is 38592 a multiple of 64?
True
Is 2 a factor of 129?
False
Does 19 divide 824?
False
Is 3 a factor of 217?
False
Does 37 divide 56943?
True
Is 3508 a multiple of 52?
False
Is 119 a factor of 16442?
False
Is 49 a factor of 54929?
True
Is 529 a multiple of 26?
False
Is 12 a factor of 12941?
False
Is 1848 a multiple of 88?
True
Is 61 a factor of 61?
True
Is 15793 a multiple of 17?
True
Is 1272 a multiple of 6?
True
Is 28 a factor of 28?
True
Is 2339 a multiple of 54?
False
Is 684 a multiple of 36?
True
Is 11552 a multiple of 32?
True
Is 36225 a multiple of 35?
True
Is 6144 a multiple of 12?
True
Does 36 divide 3240?
True
Does 72 divide 4022?
False
Does 98 divide 161?
False
Does 81 divide 1006?
False
Is 7 a factor of 31?
False
Does 184 divide 11549?
False
Does 23 divide 363?
False
Is 51 a factor of 1071?
True
Is 8 a factor of 113?
False
Does 2 divide 78?
True
Is 9 a f